 m(p) be the first derivative of p**4/12 + 2*p**3/3 + 3*p**2/2 - 3*p - 1. Let r(j) be the first derivative of m(j). Calculate r(-4).
3
Let l(m) = 4*m**2 + 1. Let w(d) = 1 - 7*d**2 - 2 + 2*d - 3*d. Let h(a) = 5*l(a) + 3*w(a). What is h(-5)?
-8
Let a(i) = -i. Let g(x) = -x. Let z be g(3). What is a(z)?
3
Let m(f) be the third derivative of -f**7/2520 - f**6/360 + f**5/40 - 5*f**4/24 + 4*f**2. Let u(q) be the second derivative of m(q). What is u(-3)?
0
Suppose -3*v + 15 = y - 3, y - 4*v + 17 = 0. Let w(l) = 2 - 4*l**2 - 3*l - 1 + l**3 + 2 + l**2. Determine w(y).
-6
Let w(v) = -8*v**2 - v. Let u(i) = i + 13. Let a be u(-12). Suppose 0 = -s + 2 - a. What is w(s)?
-9
Let f(o) = 5 + 2 + 2*o - o - 1. Suppose 3*q - 7 = -2*u - 0*u, 3*q = 15. Determine f(u).
2
Let n(d) = -d**3 + 2*d**2 + 2*d - 2. Let w be n(2). Let l(a) = 2*a**3 - 3*a**2 + 3*a - 1. Calculate l(w).
9
Let y(n) = 9*n - 7. Let u(a) = 4*a - 4. Suppose o + 17 = -z - 4*o, -3*o - 19 = 5*z. Let i(h) = z*y(h) + 5*u(h). Determine i(4).
2
Let u = -11 + 15. Let o(j) = -4 + 13*j + u*j - 5 + 7*j**2. Let z(m) = 10*m**2 + 25*m - 13. Let b(a) = 7*o(a) - 5*z(a). What is b(-5)?
7
Suppose l = 4*l - 12. Let i(r) = -r - 2 + 4 - 3 + 2. Give i(l).
-3
Let g(z) be the second derivative of z**3 + 9*z. Give g(-1).
-6
Let n(t) = 2*t - 4. Let g(a) = -a**3 - 5*a**2 - a - 2. Let x be g(-5). Let i be n(x). Let u(k) = 1 - 2 + i*k - 5. Calculate u(4).
2
Let n(m) = 1 + 163*m**2 + 4*m - 4 - 159*m**2 - m**3. Give n(5).
-8
Let g = 3 + -5. Let q(s) be the second derivative of 1/20*s**5 + 1/12*s**4 + 4*s + 0 + 1/3*s**3 + 3/2*s**2. Calculate q(g).
-5
Let u = 2 - 0. Let t(d) = d**3 - 4*d**2 - d - d**2 + u + 3*d. Suppose 2*x + 4 = 3*x. Determine t(x).
-6
Let g(v) = -v + 2. Suppose -5*t + 11 = -5*i + 1, -t + 2 = 2*i. Suppose -t*h = 3*h - 30. Suppose -u = -3*k + 14, -h*u - 4*k = -3*u - 10. Calculate g(u).
4
Let r(w) = -w**2 - w - 1. Let s(n) = -n**2 + n - 8. Let u(q) = -2*r(q) + s(q). Let g be (-2)/4*(0 - 0). Suppose g = b - 2, 10 = 5*i - 4*b + 43. Give u(i).
4
Let v(n) = 7 + 10 - 16 - 9*n**2. Determine v(-1).
-8
Let w(y) = 4*y**2 - 7*y + 2. Let q(a) = 3*a**2 - 5*a + 1. Let r(m) = 7*q(m) - 5*w(m). Calculate r(4).
13
Suppose 3*p - 4*u - 4 = -2*u, -3*p - 2*u - 4 = 0. Let a(d) = -d**3 + d**2 - d - 1. Give a(p).
-1
Let t(r) = -r**2 + 5*r - 1. Let j be t(5). Let y(k) = 4*k + 1. Let n(b) = 4*b + 1. Let o(f) = -5*n(f) + 6*y(f). Give o(j).
-3
Let x(u) = 2*u + 1. Suppose 2*r - 12 = -3*j - 2*j, -4*j + 3 = -5*r. Calculate x(j).
5
Let j be (3 + 0)/(3/4). Suppose -j*k = -k - 12, 0 = 2*m - 3*k + 24. Let o(w) = w + 8. Calculate o(m).
2
Let b(o) = o**2 + o - 2. Let w(y) = -2*y - 7*y**2 - 6 + 3*y + y**3 + 6*y. Let z be w(6). Suppose -c - 4*c = z. Determine b(c).
-2
Let w(s) be the second derivative of s**3/6 - s**2/2 - s. Let x(o) = o + 3. Let b be x(-9). What is w(b)?
-7
Suppose -14*q + 2*q - 24 = 0. Let a(o) = -2*o**2 - o - 1. Determine a(q).
-7
Let z be (-4 + 3 + -1)*-2. Let n = z - -2. Let a(s) = -s**3 + 5*s**2 + 7*s - 9. What is a(n)?
-3
Let l(x) = 1. Let w(d) = d - 1. Let c(a) = -6*l(a) - 2*w(a). Calculate c(-3).
2
Let b be 2*-1 + (-40)/(-8). Let t(f) = -3*f - b + 7 - 2. What is t(-2)?
8
Let v(i) = -7*i. Let a be v(-3). Suppose 0 = 4*w + a + 3. Let s(j) = -6*j**2 - 5*j**3 + 4*j**3 + 3 + 1. Give s(w).
4
Let r(o) = -o + 3. Let f(m) be the third derivative of m**4/24 + m**3/6 - 2*m**2. Let g(v) = 2*f(v) - r(v). Calculate g(-1).
-4
Let d(b) = b**2 + b - 1. Let k(m) = -m**2 - m + 1. Let l(s) = 5*d(s) + 4*k(s). Give l(2).
5
Let k(i) = i**2 + 13*i + 14. Let a be k(-12). Suppose -24 = -a*f - 2*f. Let h(o) = o - 7. Give h(f).
-1
Suppose 4*t - 18 - 34 = 4*o, 4*t + 4*o - 92 = 0. Let y = t - 8. Suppose 0*n + n + 2 = -q, -3*q + y = -5*n. Let a(c) = -c + 6. Give a(q).
6
Suppose -j = -6*j - 20. Let d(o) = -4*o - 17. Let b(k) = -2*k - 9. Let z(m) = 7*b(m) - 4*d(m). What is z(j)?
-3
Suppose -5*l + 9 = -11. Let w(a) = -a**2 + 3*a - 2. What is w(l)?
-6
Let x = -23 + 28. Let o(t) be the third derivative of -t**4/6 + 2*t**3/3 + 3*t**2. Determine o(x).
-16
Let f(k) = -k**2 - 1. Let p = -11 - -15. Suppose 10 - 2 = -p*u. What is f(u)?
-5
Suppose 3 = 4*w - 5. Let o(i) = 0*i + 5*i**w - 6*i**2 - 2*i. Calculate o(-3).
-3
Let g(n) = n**3 - n**2 - 2*n + 3. Let r be g(3). Suppose 4*h - r - 33 = -4*z, 3*h - 1 = 4*z. Let f(d) = 0*d + 2 - d**3 + 6*d**2 - h*d + 3. Determine f(4).
9
Let n(k) = -2*k + 17*k**2 + 3*k - 6 - 16*k**2. Give n(0).
-6
Let l = 16 + -11. Let z be l/(-1) + (1 - -1). Let y = z + -1. Let q(f) = -f**3 - 4*f**2 - 3*f - 6. Give q(y).
6
Let y(w) be the second derivative of -w**7/315 + w**6/720 + w**5/120 - 5*w**4/12 - 4*w. Let r(a) be the third derivative of y(a). Calculate r(-1).
-8
Let p(u) = 3*u**2 + 4*u + 13. Let r(w) = 2*w**2 + 2*w + 7. Let t(b) = -3*p(b) + 5*r(b). Give t(3).
-1
Let h(m) = -4 - m**3 - m + 3 + 3 + 3*m**2. Let s(y) = -y + 7. Let g be s(4). Suppose -g = -5*i + 7. What is h(i)?
4
Let i(y) = -y**2 + 5*y + 2. Let l = 9 - 4. Calculate i(l).
2
Suppose -2*h + 2*b - b + 3 = 0, -3*h - 23 = 4*b. Let i(m) be the third derivative of -m**6/120 + m**5/60 - 2*m**2. Calculate i(h).
2
Suppose -4*t = 20, 0 = -4*x - 0*x - t + 11. Suppose v - 3*m = -0*m - 10, x*v = -2*m + 16. Let p(n) = 4*n - 8 + 13 - 8. What is p(v)?
5
Let a = 196 + -193. Let x(p) = p**3 - 3*p**2 + p - 4. What is x(a)?
-1
Let m(q) = -8 - 13*q - 17*q + 28*q. Give m(-8).
8
Let q(j) = j**2 + 6*j + 2. Let d be q(-6). Let i(k) = -10*k + 9*k + k**3 - d*k**2 - k**2. Determine i(2).
-6
Let l be ((-1)/2)/(1/(-4)). Let a(g) = -1. Let j(i) = i**3 - 2*i**2 + i - 2. Let u(f) = 3*a(f) - j(f). What is u(l)?
-3
Let i(q) = -2*q**3 + 4*q**2 + 8*q + 3. Let k(v) = 5*v**3 - 8*v**2 - 17*v - 6. Let p(z) = -7*i(z) - 3*k(z). What is p(-3)?
3
Let i(b) = b - 7. Let d = 18 + -3. Suppose 3*h - p - d = 0, -4*h - 5 = -5*h + 2*p. Determine i(h).
-2
Let o = 21 + -25. Let s be 56/(-10) - o/(-10). Let p(l) = -l**2 - 6*l - 8. What is p(s)?
-8
Let d(j) be the third derivative of -j**6/120 - j**5/15 + 7*j**4/24 + 7*j**3/6 + j**2. Suppose -1 = -o + 2*n, 4*o + 3*n + 3 = -26. Give d(o).
-3
Let u(m) = -m**3 + 8*m**2 - 7*m + 5. Let o be u(7). Let r(f) = -f - 1. Let y(s) = 0*s - s - 3*s + 6*s + 3. Let w(x) = 3*r(x) + y(x). Determine w(o).
-5
Let v = -4 - -6. Let r(t) = 2*t - 1 - v*t + 4*t - 2*t**2 - 5*t. Calculate r(-1).
-2
Let u(r) be the first derivative of -r**3/3 - 5*r**2/2 - 2*r + 8. Calculate u(-5).
-2
Let h be -2 - -1 - (-6)/3. Let n(w) be the second derivative of w + 1/5*w**5 - 1/12*w**4 + 1/2*w**2 + 0 + 0*w**3. Calculate n(h).
4
Let p(n) = n**3 - 2*n**2 - n + 2. Let h = -4 + 7. Suppose -h*c = -c - 4. Determine p(c).
0
Let r(c) = -c + 0*c**2 + 4*c + 1 + c**2. Suppose 2*x + 18 = 4*x. Let m be (-4)/10*(x - 4). What is r(m)?
-1
Let y(f) be the first derivative of f**2/2 - 8*f - 2. Calculate y(-7).
-15
Let k(w) = 6*w**3 - 4*w**2 + 5*w - 3. Let b(s) = -5*s**3 + 3*s**2 - 5*s + 3. Let r(g) = -7*b(g) - 6*k(g). Let v be 1*3*(7 - 6). What is r(v)?
12
Let s = -3 + 6. Let v(u) = 2*u + 1. Determine v(s).
7
Let r(m) = -188*m + m**2 - 6 + 188*m. Determine r(0).
-6
Let f = -3 - -1. Let v be (-3 + 2 - 0)*f. Let u(q) = 4*q**3 - q**3 - 1 - 2*q**3 - 2*q**2 - v*q - 2*q**3. What is u(-2)?
3
Let j(o) = 19*o**3 - 2*o**2 + 1. Let s be ((27/6)/(-9))/(1/(-2)). Calculate j(s).
18
Suppose -r = -6 + 5. Let x(t) = 3 + r + 3*t - 6. Give x(-2).
-8
Let x(n) = n**3 + 5*n**2 + 2*n - 4. Let m = -42 + 37. Give x(m).
-14
Let r(i) = -7*i**2 - 6*i + 10. Let g(c) = 6*c**2 + 6*c - 9. Let q(s) = -6*g(s) - 5*r(s). Calculate q(-8).
-12
Let m(q) = -2*q**3 + 12 - 4 + 0*q**3 - q**2 + q**3 - q. Determine m(0).
8
Let p(a) be the first derivative of a**4/4 + 5*a**3/3 + 2*a**2 + a + 29. Give p(-3).
7
Suppose 3*s + 80 = -0*g + 4*g, -4*g = -2*s - 80. Let j be -3 - (-5)/(g/36). Let u(f) = -f**2 + 10*f - 9. Calculate u(j).
15
Let t(o) = 6*o**3 - 1. Let p(r) = -r**3 + 3*r**2 - r + 5. Let n be p(4). Let f = -13 + 23. Let w be f/n + 10/6. Determine t(w).
5
Let v(z) = -z + 4. Let x be v(2). Let c(f) = 27*f**2 + 32*f**2 + 2*f + 26*f**2 - 87*f**2. Determine c(x).
-4
Let y(m) = 0*m - m - 8 + 0*m + 2*m. What is y(0)?
-8
Let f(d) = -2*d**2 - 4*d**3 + 9*d**3 - 1 + d**3 + 2*d. Let g be -22*(1 + (-9)/6). Let c(i) = i - 10. Let l be c(g). Give f(l).
5
Let f(s) be the second derivative of -6*s - 